{"id":312,"date":"2023-03-01T14:21:19","date_gmt":"2023-03-01T14:21:19","guid":{"rendered":"https:\/\/villedelparco-landing-page.ms.decms.eu\/?page_id=312"},"modified":"2024-12-18T15:08:07","modified_gmt":"2024-12-18T15:08:07","slug":"kommunizierende-zimmer","status":"publish","type":"page","link":"https:\/\/www.villedelparco.com\/de\/kommunizierende-zimmer\/","title":{"rendered":"Kommunizierende Zimmer"},"content":{"rendered":"<p>Sie bestehen aus\u00a0<strong>2 Doppelzimmern, die jeweils \u00fcber ein eigenes Bad und einen unabh\u00e4ngigen Eingang verf\u00fcgen<\/strong>, aber durch eine Innent\u00fcr miteinander verbunden sind. Konzipiert f\u00fcr Familien, sie k\u00f6nnen bis\u00a0<em>zu 5 Personen<\/em>\u00a0aufnehmen.<\/p>\n<p>Die Zimmer mit Verbindungst\u00fcrsind mit Klimaanlage, Minibar mit geb\u00fchrenpflichtiger F\u00fcllung, Haartrockner, TV, Telefon und Safe ausgestattet.\u00a0<em>Gr\u00f6\u00dfe: 36 m\u00b2<\/em><\/p>\n","protected":false},"excerpt":{"rendered":"<p>Sie bestehen aus\u00a02 Doppelzimmern, die jeweils \u00fcber ein eigenes Bad und einen unabh\u00e4ngigen Eingang verf\u00fcgen, aber durch eine Innent\u00fcr miteinander verbunden sind. Konzipiert f\u00fcr Familien, sie k\u00f6nnen bis\u00a0zu 5 Personen\u00a0aufnehmen. Die Zimmer mit Verbindungst\u00fcrsind mit Klimaanlage, Minibar mit geb\u00fchrenpflichtiger F\u00fcllung, Haartrockner, TV, Telefon und Safe ausgestattet.\u00a0Gr\u00f6\u00dfe: 36 m\u00b2<\/p>\n","protected":false},"author":7,"featured_media":0,"parent":0,"menu_order":4,"comment_status":"closed","ping_status":"closed","template":"template-single-room.php","meta":{"footnotes":""},"class_list":["post-312","page","type-page","status-publish","hentry"],"yoast_head":"<!-- This site is optimized with the Yoast SEO plugin v26.9 - https:\/\/yoast.com\/product\/yoast-seo-wordpress\/ -->\n<title>Kommunizierende Zimmer ~ Ville del Parco Arbatax ~<\/title>\n<meta name=\"description\" content=\"Sie bestehen aus\u00a02 Doppelzimmern, die jeweils \u00fcber ein eigenes Bad und einen unabh\u00e4ngigen Eingang verf\u00fcgen, aber durch eine Innent\u00fcr miteinander verbunden sind. Konzipiert f\u00fcr Familien, sie k\u00f6nnen bis\u00a0zu 5 Personen\u00a0aufnehmen.  Die Zimmer mit Verbindungst\u00fcrsind mit Klimaanlage, Minibar mit geb\u00fchrenpflichtiger F\u00fcllung, Haartrockner, TV, Telefon und Safe ausgestattet.\u00a0Gr\u00f6\u00dfe: 36 m\u00b2\" \/>\n<meta name=\"robots\" content=\"index, follow, max-snippet:-1, max-image-preview:large, max-video-preview:-1\" \/>\n<link rel=\"canonical\" href=\"https:\/\/www.villedelparco.com\/de\/kommunizierende-zimmer\/\" \/>\n<meta property=\"og:locale\" content=\"de_DE\" \/>\n<meta property=\"og:type\" content=\"article\" \/>\n<meta property=\"og:title\" content=\"Kommunizierende Zimmer ~ Ville del Parco Arbatax ~\" \/>\n<meta property=\"og:description\" content=\"Sie bestehen aus\u00a02 Doppelzimmern, die jeweils \u00fcber ein eigenes Bad und einen unabh\u00e4ngigen Eingang verf\u00fcgen, aber durch eine Innent\u00fcr miteinander verbunden sind. Konzipiert f\u00fcr Familien, sie k\u00f6nnen bis\u00a0zu 5 Personen\u00a0aufnehmen.  Die Zimmer mit Verbindungst\u00fcrsind mit Klimaanlage, Minibar mit geb\u00fchrenpflichtiger F\u00fcllung, Haartrockner, TV, Telefon und Safe ausgestattet.\u00a0Gr\u00f6\u00dfe: 36 m\u00b2\" \/>\n<meta property=\"og:url\" content=\"https:\/\/www.villedelparco.com\/de\/kommunizierende-zimmer\/\" \/>\n<meta property=\"og:site_name\" content=\"Ville del Parco Arbatax\" \/>\n<meta property=\"article:modified_time\" content=\"2024-12-18T15:08:07+00:00\" \/>\n<meta name=\"twitter:card\" content=\"summary_large_image\" \/>\n<meta name=\"twitter:label1\" content=\"Gesch\u00e4tzte Lesezeit\" \/>\n\t<meta name=\"twitter:data1\" content=\"1 Minute\" \/>\n<script type=\"application\/ld+json\" class=\"yoast-schema-graph\">{\"@context\":\"https:\/\/schema.org\",\"@graph\":[{\"@type\":\"WebPage\",\"@id\":\"https:\/\/www.villedelparco.com\/de\/kommunizierende-zimmer\/\",\"url\":\"https:\/\/www.villedelparco.com\/de\/kommunizierende-zimmer\/\",\"name\":\"Kommunizierende Zimmer ~ Ville del Parco Arbatax ~\",\"isPartOf\":{\"@id\":\"https:\/\/www.villedelparco.com\/de\/#website\"},\"datePublished\":\"2023-03-01T14:21:19+00:00\",\"dateModified\":\"2024-12-18T15:08:07+00:00\",\"description\":\"Sie bestehen aus\u00a02 Doppelzimmern, die jeweils \u00fcber ein eigenes Bad und einen unabh\u00e4ngigen Eingang verf\u00fcgen, aber durch eine Innent\u00fcr miteinander verbunden sind. Konzipiert f\u00fcr Familien, sie k\u00f6nnen bis\u00a0zu 5 Personen\u00a0aufnehmen. Die Zimmer mit Verbindungst\u00fcrsind mit Klimaanlage, Minibar mit geb\u00fchrenpflichtiger F\u00fcllung, Haartrockner, TV, Telefon und Safe ausgestattet.\u00a0Gr\u00f6\u00dfe: 36 m\u00b2\",\"breadcrumb\":{\"@id\":\"https:\/\/www.villedelparco.com\/de\/kommunizierende-zimmer\/#breadcrumb\"},\"inLanguage\":\"de-DE\",\"potentialAction\":[{\"@type\":\"ReadAction\",\"target\":[\"https:\/\/www.villedelparco.com\/de\/kommunizierende-zimmer\/\"]}]},{\"@type\":\"BreadcrumbList\",\"@id\":\"https:\/\/www.villedelparco.com\/de\/kommunizierende-zimmer\/#breadcrumb\",\"itemListElement\":[{\"@type\":\"ListItem\",\"position\":1,\"name\":\"Home\",\"item\":\"https:\/\/www.villedelparco.com\/de\/\"},{\"@type\":\"ListItem\",\"position\":2,\"name\":\"Kommunizierende Zimmer\"}]},{\"@type\":\"WebSite\",\"@id\":\"https:\/\/www.villedelparco.com\/de\/#website\",\"url\":\"https:\/\/www.villedelparco.com\/de\/\",\"name\":\"Ville del Parco Arbatax\",\"description\":\"\",\"potentialAction\":[{\"@type\":\"SearchAction\",\"target\":{\"@type\":\"EntryPoint\",\"urlTemplate\":\"https:\/\/www.villedelparco.com\/de\/?s={search_term_string}\"},\"query-input\":{\"@type\":\"PropertyValueSpecification\",\"valueRequired\":true,\"valueName\":\"search_term_string\"}}],\"inLanguage\":\"de-DE\"}]}<\/script>\n<!-- \/ Yoast SEO plugin. -->","yoast_head_json":{"title":"Kommunizierende Zimmer ~ Ville del Parco Arbatax ~","description":"Sie bestehen aus\u00a02 Doppelzimmern, die jeweils \u00fcber ein eigenes Bad und einen unabh\u00e4ngigen Eingang verf\u00fcgen, aber durch eine Innent\u00fcr miteinander verbunden sind. Konzipiert f\u00fcr Familien, sie k\u00f6nnen bis\u00a0zu 5 Personen\u00a0aufnehmen.  Die Zimmer mit Verbindungst\u00fcrsind mit Klimaanlage, Minibar mit geb\u00fchrenpflichtiger F\u00fcllung, Haartrockner, TV, Telefon und Safe ausgestattet.\u00a0Gr\u00f6\u00dfe: 36 m\u00b2","robots":{"index":"index","follow":"follow","max-snippet":"max-snippet:-1","max-image-preview":"max-image-preview:large","max-video-preview":"max-video-preview:-1"},"canonical":"https:\/\/www.villedelparco.com\/de\/kommunizierende-zimmer\/","og_locale":"de_DE","og_type":"article","og_title":"Kommunizierende Zimmer ~ Ville del Parco Arbatax ~","og_description":"Sie bestehen aus\u00a02 Doppelzimmern, die jeweils \u00fcber ein eigenes Bad und einen unabh\u00e4ngigen Eingang verf\u00fcgen, aber durch eine Innent\u00fcr miteinander verbunden sind. Konzipiert f\u00fcr Familien, sie k\u00f6nnen bis\u00a0zu 5 Personen\u00a0aufnehmen.  Die Zimmer mit Verbindungst\u00fcrsind mit Klimaanlage, Minibar mit geb\u00fchrenpflichtiger F\u00fcllung, Haartrockner, TV, Telefon und Safe ausgestattet.\u00a0Gr\u00f6\u00dfe: 36 m\u00b2","og_url":"https:\/\/www.villedelparco.com\/de\/kommunizierende-zimmer\/","og_site_name":"Ville del Parco Arbatax","article_modified_time":"2024-12-18T15:08:07+00:00","twitter_card":"summary_large_image","twitter_misc":{"Gesch\u00e4tzte Lesezeit":"1 Minute"},"schema":{"@context":"https:\/\/schema.org","@graph":[{"@type":"WebPage","@id":"https:\/\/www.villedelparco.com\/de\/kommunizierende-zimmer\/","url":"https:\/\/www.villedelparco.com\/de\/kommunizierende-zimmer\/","name":"Kommunizierende Zimmer ~ Ville del Parco Arbatax ~","isPartOf":{"@id":"https:\/\/www.villedelparco.com\/de\/#website"},"datePublished":"2023-03-01T14:21:19+00:00","dateModified":"2024-12-18T15:08:07+00:00","description":"Sie bestehen aus\u00a02 Doppelzimmern, die jeweils \u00fcber ein eigenes Bad und einen unabh\u00e4ngigen Eingang verf\u00fcgen, aber durch eine Innent\u00fcr miteinander verbunden sind. Konzipiert f\u00fcr Familien, sie k\u00f6nnen bis\u00a0zu 5 Personen\u00a0aufnehmen. Die Zimmer mit Verbindungst\u00fcrsind mit Klimaanlage, Minibar mit geb\u00fchrenpflichtiger F\u00fcllung, Haartrockner, TV, Telefon und Safe ausgestattet.\u00a0Gr\u00f6\u00dfe: 36 m\u00b2","breadcrumb":{"@id":"https:\/\/www.villedelparco.com\/de\/kommunizierende-zimmer\/#breadcrumb"},"inLanguage":"de-DE","potentialAction":[{"@type":"ReadAction","target":["https:\/\/www.villedelparco.com\/de\/kommunizierende-zimmer\/"]}]},{"@type":"BreadcrumbList","@id":"https:\/\/www.villedelparco.com\/de\/kommunizierende-zimmer\/#breadcrumb","itemListElement":[{"@type":"ListItem","position":1,"name":"Home","item":"https:\/\/www.villedelparco.com\/de\/"},{"@type":"ListItem","position":2,"name":"Kommunizierende Zimmer"}]},{"@type":"WebSite","@id":"https:\/\/www.villedelparco.com\/de\/#website","url":"https:\/\/www.villedelparco.com\/de\/","name":"Ville del Parco Arbatax","description":"","potentialAction":[{"@type":"SearchAction","target":{"@type":"EntryPoint","urlTemplate":"https:\/\/www.villedelparco.com\/de\/?s={search_term_string}"},"query-input":{"@type":"PropertyValueSpecification","valueRequired":true,"valueName":"search_term_string"}}],"inLanguage":"de-DE"}]}},"acf":[],"_links":{"self":[{"href":"https:\/\/www.villedelparco.com\/de\/wp-json\/wp\/v2\/pages\/312","targetHints":{"allow":["GET"]}}],"collection":[{"href":"https:\/\/www.villedelparco.com\/de\/wp-json\/wp\/v2\/pages"}],"about":[{"href":"https:\/\/www.villedelparco.com\/de\/wp-json\/wp\/v2\/types\/page"}],"author":[{"embeddable":true,"href":"https:\/\/www.villedelparco.com\/de\/wp-json\/wp\/v2\/users\/7"}],"replies":[{"embeddable":true,"href":"https:\/\/www.villedelparco.com\/de\/wp-json\/wp\/v2\/comments?post=312"}],"version-history":[{"count":0,"href":"https:\/\/www.villedelparco.com\/de\/wp-json\/wp\/v2\/pages\/312\/revisions"}],"wp:attachment":[{"href":"https:\/\/www.villedelparco.com\/de\/wp-json\/wp\/v2\/media?parent=312"}],"curies":[{"name":"wp","href":"https:\/\/api.w.org\/{rel}","templated":true}]}}

<p>Sie bestehen aus <strong>2 Doppelzimmern, die jeweils über ein eigenes Bad und einen unabhängigen Eingang verfügen</strong>, aber durch eine Innentür miteinander verbunden sind. Konzipiert für Familien, sie können bis <em>zu 5 Personen</em> aufnehmen.</p>
<p>Die Zimmer mit Verbindungstürsind mit Klimaanlage, Minibar mit gebührenpflichtiger Füllung, Haartrockner, TV, Telefon und Safe ausgestattet. <em>Größe: 36 m²</em></p>

<p>Sie bestehen aus 2 Doppelzimmern, die jeweils über ein eigenes Bad und einen unabhängigen Eingang verfügen, aber durch eine Innentür miteinander verbunden sind. Konzipiert für Familien, sie können bis zu 5 Personen aufnehmen. Die Zimmer mit Verbindungstürsind mit Klimaanlage, Minibar mit gebührenpflichtiger Füllung, Haartrockner, TV, Telefon und Safe ausgestattet. Größe: 36 m²</p>

<!-- This site is optimized with the Yoast SEO plugin v26.9 - https://yoast.com/product/yoast-seo-wordpress/ -->
<title>Kommunizierende Zimmer ~ Ville del Parco Arbatax ~</title>
<meta name="description" content="Sie bestehen aus 2 Doppelzimmern, die jeweils über ein eigenes Bad und einen unabhängigen Eingang verfügen, aber durch eine Innentür miteinander verbunden sind. Konzipiert für Familien, sie können bis zu 5 Personen aufnehmen.  Die Zimmer mit Verbindungstürsind mit Klimaanlage, Minibar mit gebührenpflichtiger Füllung, Haartrockner, TV, Telefon und Safe ausgestattet. Größe: 36 m²" />
<meta name="robots" content="index, follow, max-snippet:-1, max-image-preview:large, max-video-preview:-1" />
<link rel="canonical" href="https://www.villedelparco.com/de/kommunizierende-zimmer/" />
<meta property="og:locale" content="de_DE" />
<meta property="og:type" content="article" />
<meta property="og:title" content="Kommunizierende Zimmer ~ Ville del Parco Arbatax ~" />
<meta property="og:description" content="Sie bestehen aus 2 Doppelzimmern, die jeweils über ein eigenes Bad und einen unabhängigen Eingang verfügen, aber durch eine Innentür miteinander verbunden sind. Konzipiert für Familien, sie können bis zu 5 Personen aufnehmen.  Die Zimmer mit Verbindungstürsind mit Klimaanlage, Minibar mit gebührenpflichtiger Füllung, Haartrockner, TV, Telefon und Safe ausgestattet. Größe: 36 m²" />
<meta property="og:url" content="https://www.villedelparco.com/de/kommunizierende-zimmer/" />
<meta property="og:site_name" content="Ville del Parco Arbatax" />
<meta property="article:modified_time" content="2024-12-18T15:08:07+00:00" />
<meta name="twitter:card" content="summary_large_image" />
<meta name="twitter:label1" content="Geschätzte Lesezeit" />
	<meta name="twitter:data1" content="1 Minute" />
<script type="application/ld+json" class="yoast-schema-graph">{"@context":"https://schema.org","@graph":[{"@type":"WebPage","@id":"https://www.villedelparco.com/de/kommunizierende-zimmer/","url":"https://www.villedelparco.com/de/kommunizierende-zimmer/","name":"Kommunizierende Zimmer ~ Ville del Parco Arbatax ~","isPartOf":{"@id":"https://www.villedelparco.com/de/#website"},"datePublished":"2023-03-01T14:21:19+00:00","dateModified":"2024-12-18T15:08:07+00:00","description":"Sie bestehen aus 2 Doppelzimmern, die jeweils über ein eigenes Bad und einen unabhängigen Eingang verfügen, aber durch eine Innentür miteinander verbunden sind. Konzipiert für Familien, sie können bis zu 5 Personen aufnehmen. Die Zimmer mit Verbindungstürsind mit Klimaanlage, Minibar mit gebührenpflichtiger Füllung, Haartrockner, TV, Telefon und Safe ausgestattet. Größe: 36 m²","breadcrumb":{"@id":"https://www.villedelparco.com/de/kommunizierende-zimmer/#breadcrumb"},"inLanguage":"de-DE","potentialAction":[{"@type":"ReadAction","target":["https://www.villedelparco.com/de/kommunizierende-zimmer/"]}]},{"@type":"BreadcrumbList","@id":"https://www.villedelparco.com/de/kommunizierende-zimmer/#breadcrumb","itemListElement":[{"@type":"ListItem","position":1,"name":"Home","item":"https://www.villedelparco.com/de/"},{"@type":"ListItem","position":2,"name":"Kommunizierende Zimmer"}]},{"@type":"WebSite","@id":"https://www.villedelparco.com/de/#website","url":"https://www.villedelparco.com/de/","name":"Ville del Parco Arbatax","description":"","potentialAction":[{"@type":"SearchAction","target":{"@type":"EntryPoint","urlTemplate":"https://www.villedelparco.com/de/?s={search_term_string}"},"query-input":{"@type":"PropertyValueSpecification","valueRequired":true,"valueName":"search_term_string"}}],"inLanguage":"de-DE"}]}</script>
<!-- / Yoast SEO plugin. -->

Sie bestehen aus 2 Doppelzimmern, die jeweils über ein eigenes Bad und einen unabhängigen Eingang verfügen, aber durch eine Innentür miteinander verbunden sind. Konzipiert für Familien, sie können bis zu 5 Personen aufnehmen.  Die Zimmer mit Verbindungstürsind mit Klimaanlage, Minibar mit gebührenpflichtiger Füllung, Haartrockner, TV, Telefon und Safe ausgestattet. Größe: 36 m²

Sie bestehen aus 2 Doppelzimmern, die jeweils über ein eigenes Bad und einen unabhängigen Eingang verfügen, aber durch eine Innentür miteinander verbunden sind. Konzipiert für Familien, sie können bis zu 5 Personen aufnehmen. Die Zimmer mit Verbindungstürsind mit Klimaanlage, Minibar mit gebührenpflichtiger Füllung, Haartrockner, TV, Telefon und Safe ausgestattet. Größe: 36 m²
