{"id":354,"date":"2023-03-08T13:40:01","date_gmt":"2023-03-08T13:40:01","guid":{"rendered":"https:\/\/villedelparco-landing-page.ms.decms.eu\/?page_id=354"},"modified":"2024-12-19T09:27:38","modified_gmt":"2024-12-19T09:27:38","slug":"habitaciones-standard","status":"publish","type":"page","link":"https:\/\/www.villedelparco.com\/es\/habitaciones-standard\/","title":{"rendered":"Habitaci\u00f3n Standard\/Habitaci\u00f3n Familiar Standard"},"content":{"rendered":"<p>Totalmente rodeadas de verdor, las habitaciones Standard est\u00e1n amuebladas en estilo t\u00edpico sardo y equipadas con aire acondicionado, TV, caja fuerte y minibar.<\/p>\n<p>Tambi\u00e9n est\u00e1n disponibles en\u00a0<strong>versi\u00f3n familiar<\/strong>\u00a0y pueden\u00a0<em>acomodar hasta 3 personas. Tama\u00f1o<\/em>:\u00a0<em>16 m\u00b2<\/em><\/p>\n","protected":false},"excerpt":{"rendered":"<p>Totalmente rodeadas de verdor, las habitaciones Standard est\u00e1n amuebladas en estilo t\u00edpico sardo y equipadas con aire acondicionado, TV, caja fuerte y minibar. Tambi\u00e9n est\u00e1n disponibles en\u00a0versi\u00f3n familiar\u00a0y pueden\u00a0acomodar hasta 3 personas. Tama\u00f1o:\u00a016 m\u00b2<\/p>\n","protected":false},"author":7,"featured_media":0,"parent":0,"menu_order":1,"comment_status":"closed","ping_status":"closed","template":"template-single-room.php","meta":{"footnotes":""},"class_list":["post-354","page","type-page","status-publish","hentry"],"yoast_head":"<!-- This site is optimized with the Yoast SEO plugin v26.9 - https:\/\/yoast.com\/product\/yoast-seo-wordpress\/ -->\n<title>Habitaci\u00f3n Standard\/Habitaci\u00f3n Familiar Standard ~ Ville del Parco Arbatax ~<\/title>\n<meta name=\"description\" content=\"Totalmente rodeadas de verdor, las habitaciones Standard est\u00e1n amuebladas en estilo t\u00edpico sardo y equipadas con aire acondicionado, TV, caja fuerte y minibar.  Tambi\u00e9n est\u00e1n disponibles en\u00a0versi\u00f3n familiar\u00a0y pueden\u00a0acomodar hasta 3 personas. Tama\u00f1o:\u00a016 m\u00b2\" \/>\n<meta name=\"robots\" content=\"index, follow, max-snippet:-1, max-image-preview:large, max-video-preview:-1\" \/>\n<link rel=\"canonical\" href=\"https:\/\/www.villedelparco.com\/es\/habitaciones-standard\/\" \/>\n<meta property=\"og:locale\" content=\"es_ES\" \/>\n<meta property=\"og:type\" content=\"article\" \/>\n<meta property=\"og:title\" content=\"Habitaci\u00f3n Standard\/Habitaci\u00f3n Familiar Standard ~ Ville del Parco Arbatax ~\" \/>\n<meta property=\"og:description\" content=\"Totalmente rodeadas de verdor, las habitaciones Standard est\u00e1n amuebladas en estilo t\u00edpico sardo y equipadas con aire acondicionado, TV, caja fuerte y minibar.  Tambi\u00e9n est\u00e1n disponibles en\u00a0versi\u00f3n familiar\u00a0y pueden\u00a0acomodar hasta 3 personas. Tama\u00f1o:\u00a016 m\u00b2\" \/>\n<meta property=\"og:url\" content=\"https:\/\/www.villedelparco.com\/es\/habitaciones-standard\/\" \/>\n<meta property=\"og:site_name\" content=\"Ville del Parco Arbatax\" \/>\n<meta property=\"article:modified_time\" content=\"2024-12-19T09:27:38+00:00\" \/>\n<meta name=\"twitter:card\" content=\"summary_large_image\" \/>\n<meta name=\"twitter:label1\" content=\"Tiempo de lectura\" \/>\n\t<meta name=\"twitter:data1\" content=\"1 minuto\" \/>\n<script type=\"application\/ld+json\" class=\"yoast-schema-graph\">{\"@context\":\"https:\/\/schema.org\",\"@graph\":[{\"@type\":\"WebPage\",\"@id\":\"https:\/\/www.villedelparco.com\/es\/habitaciones-standard\/\",\"url\":\"https:\/\/www.villedelparco.com\/es\/habitaciones-standard\/\",\"name\":\"Habitaci\u00f3n Standard\/Habitaci\u00f3n Familiar Standard ~ Ville del Parco Arbatax ~\",\"isPartOf\":{\"@id\":\"https:\/\/www.villedelparco.com\/es\/#website\"},\"datePublished\":\"2023-03-08T13:40:01+00:00\",\"dateModified\":\"2024-12-19T09:27:38+00:00\",\"description\":\"Totalmente rodeadas de verdor, las habitaciones Standard est\u00e1n amuebladas en estilo t\u00edpico sardo y equipadas con aire acondicionado, TV, caja fuerte y minibar. Tambi\u00e9n est\u00e1n disponibles en\u00a0versi\u00f3n familiar\u00a0y pueden\u00a0acomodar hasta 3 personas. Tama\u00f1o:\u00a016 m\u00b2\",\"breadcrumb\":{\"@id\":\"https:\/\/www.villedelparco.com\/es\/habitaciones-standard\/#breadcrumb\"},\"inLanguage\":\"es\",\"potentialAction\":[{\"@type\":\"ReadAction\",\"target\":[\"https:\/\/www.villedelparco.com\/es\/habitaciones-standard\/\"]}]},{\"@type\":\"BreadcrumbList\",\"@id\":\"https:\/\/www.villedelparco.com\/es\/habitaciones-standard\/#breadcrumb\",\"itemListElement\":[{\"@type\":\"ListItem\",\"position\":1,\"name\":\"Home\",\"item\":\"https:\/\/www.villedelparco.com\/es\/\"},{\"@type\":\"ListItem\",\"position\":2,\"name\":\"Habitaci\u00f3n Standard\/Habitaci\u00f3n Familiar Standard\"}]},{\"@type\":\"WebSite\",\"@id\":\"https:\/\/www.villedelparco.com\/es\/#website\",\"url\":\"https:\/\/www.villedelparco.com\/es\/\",\"name\":\"Ville del Parco Arbatax\",\"description\":\"\",\"potentialAction\":[{\"@type\":\"SearchAction\",\"target\":{\"@type\":\"EntryPoint\",\"urlTemplate\":\"https:\/\/www.villedelparco.com\/es\/?s={search_term_string}\"},\"query-input\":{\"@type\":\"PropertyValueSpecification\",\"valueRequired\":true,\"valueName\":\"search_term_string\"}}],\"inLanguage\":\"es\"}]}<\/script>\n<!-- \/ Yoast SEO plugin. -->","yoast_head_json":{"title":"Habitaci\u00f3n Standard\/Habitaci\u00f3n Familiar Standard ~ Ville del Parco Arbatax ~","description":"Totalmente rodeadas de verdor, las habitaciones Standard est\u00e1n amuebladas en estilo t\u00edpico sardo y equipadas con aire acondicionado, TV, caja fuerte y minibar.  Tambi\u00e9n est\u00e1n disponibles en\u00a0versi\u00f3n familiar\u00a0y pueden\u00a0acomodar hasta 3 personas. Tama\u00f1o:\u00a016 m\u00b2","robots":{"index":"index","follow":"follow","max-snippet":"max-snippet:-1","max-image-preview":"max-image-preview:large","max-video-preview":"max-video-preview:-1"},"canonical":"https:\/\/www.villedelparco.com\/es\/habitaciones-standard\/","og_locale":"es_ES","og_type":"article","og_title":"Habitaci\u00f3n Standard\/Habitaci\u00f3n Familiar Standard ~ Ville del Parco Arbatax ~","og_description":"Totalmente rodeadas de verdor, las habitaciones Standard est\u00e1n amuebladas en estilo t\u00edpico sardo y equipadas con aire acondicionado, TV, caja fuerte y minibar.  Tambi\u00e9n est\u00e1n disponibles en\u00a0versi\u00f3n familiar\u00a0y pueden\u00a0acomodar hasta 3 personas. Tama\u00f1o:\u00a016 m\u00b2","og_url":"https:\/\/www.villedelparco.com\/es\/habitaciones-standard\/","og_site_name":"Ville del Parco Arbatax","article_modified_time":"2024-12-19T09:27:38+00:00","twitter_card":"summary_large_image","twitter_misc":{"Tiempo de lectura":"1 minuto"},"schema":{"@context":"https:\/\/schema.org","@graph":[{"@type":"WebPage","@id":"https:\/\/www.villedelparco.com\/es\/habitaciones-standard\/","url":"https:\/\/www.villedelparco.com\/es\/habitaciones-standard\/","name":"Habitaci\u00f3n Standard\/Habitaci\u00f3n Familiar Standard ~ Ville del Parco Arbatax ~","isPartOf":{"@id":"https:\/\/www.villedelparco.com\/es\/#website"},"datePublished":"2023-03-08T13:40:01+00:00","dateModified":"2024-12-19T09:27:38+00:00","description":"Totalmente rodeadas de verdor, las habitaciones Standard est\u00e1n amuebladas en estilo t\u00edpico sardo y equipadas con aire acondicionado, TV, caja fuerte y minibar. Tambi\u00e9n est\u00e1n disponibles en\u00a0versi\u00f3n familiar\u00a0y pueden\u00a0acomodar hasta 3 personas. Tama\u00f1o:\u00a016 m\u00b2","breadcrumb":{"@id":"https:\/\/www.villedelparco.com\/es\/habitaciones-standard\/#breadcrumb"},"inLanguage":"es","potentialAction":[{"@type":"ReadAction","target":["https:\/\/www.villedelparco.com\/es\/habitaciones-standard\/"]}]},{"@type":"BreadcrumbList","@id":"https:\/\/www.villedelparco.com\/es\/habitaciones-standard\/#breadcrumb","itemListElement":[{"@type":"ListItem","position":1,"name":"Home","item":"https:\/\/www.villedelparco.com\/es\/"},{"@type":"ListItem","position":2,"name":"Habitaci\u00f3n Standard\/Habitaci\u00f3n Familiar Standard"}]},{"@type":"WebSite","@id":"https:\/\/www.villedelparco.com\/es\/#website","url":"https:\/\/www.villedelparco.com\/es\/","name":"Ville del Parco Arbatax","description":"","potentialAction":[{"@type":"SearchAction","target":{"@type":"EntryPoint","urlTemplate":"https:\/\/www.villedelparco.com\/es\/?s={search_term_string}"},"query-input":{"@type":"PropertyValueSpecification","valueRequired":true,"valueName":"search_term_string"}}],"inLanguage":"es"}]}},"acf":[],"_links":{"self":[{"href":"https:\/\/www.villedelparco.com\/es\/wp-json\/wp\/v2\/pages\/354","targetHints":{"allow":["GET"]}}],"collection":[{"href":"https:\/\/www.villedelparco.com\/es\/wp-json\/wp\/v2\/pages"}],"about":[{"href":"https:\/\/www.villedelparco.com\/es\/wp-json\/wp\/v2\/types\/page"}],"author":[{"embeddable":true,"href":"https:\/\/www.villedelparco.com\/es\/wp-json\/wp\/v2\/users\/7"}],"replies":[{"embeddable":true,"href":"https:\/\/www.villedelparco.com\/es\/wp-json\/wp\/v2\/comments?post=354"}],"version-history":[{"count":0,"href":"https:\/\/www.villedelparco.com\/es\/wp-json\/wp\/v2\/pages\/354\/revisions"}],"wp:attachment":[{"href":"https:\/\/www.villedelparco.com\/es\/wp-json\/wp\/v2\/media?parent=354"}],"curies":[{"name":"wp","href":"https:\/\/api.w.org\/{rel}","templated":true}]}}

Habitación Standard/Habitación Familiar Standard

<p>Totalmente rodeadas de verdor, las habitaciones Standard están amuebladas en estilo típico sardo y equipadas con aire acondicionado, TV, caja fuerte y minibar.</p>
<p>También están disponibles en <strong>versión familiar</strong> y pueden <em>acomodar hasta 3 personas. Tamaño</em>: <em>16 m²</em></p>

<p>Totalmente rodeadas de verdor, las habitaciones Standard están amuebladas en estilo típico sardo y equipadas con aire acondicionado, TV, caja fuerte y minibar. También están disponibles en versión familiar y pueden acomodar hasta 3 personas. Tamaño: 16 m²</p>

<!-- This site is optimized with the Yoast SEO plugin v26.9 - https://yoast.com/product/yoast-seo-wordpress/ -->
<title>Habitación Standard/Habitación Familiar Standard ~ Ville del Parco Arbatax ~</title>
<meta name="description" content="Totalmente rodeadas de verdor, las habitaciones Standard están amuebladas en estilo típico sardo y equipadas con aire acondicionado, TV, caja fuerte y minibar.  También están disponibles en versión familiar y pueden acomodar hasta 3 personas. Tamaño: 16 m²" />
<meta name="robots" content="index, follow, max-snippet:-1, max-image-preview:large, max-video-preview:-1" />
<link rel="canonical" href="https://www.villedelparco.com/es/habitaciones-standard/" />
<meta property="og:locale" content="es_ES" />
<meta property="og:type" content="article" />
<meta property="og:title" content="Habitación Standard/Habitación Familiar Standard ~ Ville del Parco Arbatax ~" />
<meta property="og:description" content="Totalmente rodeadas de verdor, las habitaciones Standard están amuebladas en estilo típico sardo y equipadas con aire acondicionado, TV, caja fuerte y minibar.  También están disponibles en versión familiar y pueden acomodar hasta 3 personas. Tamaño: 16 m²" />
<meta property="og:url" content="https://www.villedelparco.com/es/habitaciones-standard/" />
<meta property="og:site_name" content="Ville del Parco Arbatax" />
<meta property="article:modified_time" content="2024-12-19T09:27:38+00:00" />
<meta name="twitter:card" content="summary_large_image" />
<meta name="twitter:label1" content="Tiempo de lectura" />
	<meta name="twitter:data1" content="1 minuto" />
<script type="application/ld+json" class="yoast-schema-graph">{"@context":"https://schema.org","@graph":[{"@type":"WebPage","@id":"https://www.villedelparco.com/es/habitaciones-standard/","url":"https://www.villedelparco.com/es/habitaciones-standard/","name":"Habitación Standard/Habitación Familiar Standard ~ Ville del Parco Arbatax ~","isPartOf":{"@id":"https://www.villedelparco.com/es/#website"},"datePublished":"2023-03-08T13:40:01+00:00","dateModified":"2024-12-19T09:27:38+00:00","description":"Totalmente rodeadas de verdor, las habitaciones Standard están amuebladas en estilo típico sardo y equipadas con aire acondicionado, TV, caja fuerte y minibar. También están disponibles en versión familiar y pueden acomodar hasta 3 personas. Tamaño: 16 m²","breadcrumb":{"@id":"https://www.villedelparco.com/es/habitaciones-standard/#breadcrumb"},"inLanguage":"es","potentialAction":[{"@type":"ReadAction","target":["https://www.villedelparco.com/es/habitaciones-standard/"]}]},{"@type":"BreadcrumbList","@id":"https://www.villedelparco.com/es/habitaciones-standard/#breadcrumb","itemListElement":[{"@type":"ListItem","position":1,"name":"Home","item":"https://www.villedelparco.com/es/"},{"@type":"ListItem","position":2,"name":"Habitación Standard/Habitación Familiar Standard"}]},{"@type":"WebSite","@id":"https://www.villedelparco.com/es/#website","url":"https://www.villedelparco.com/es/","name":"Ville del Parco Arbatax","description":"","potentialAction":[{"@type":"SearchAction","target":{"@type":"EntryPoint","urlTemplate":"https://www.villedelparco.com/es/?s={search_term_string}"},"query-input":{"@type":"PropertyValueSpecification","valueRequired":true,"valueName":"search_term_string"}}],"inLanguage":"es"}]}</script>
<!-- / Yoast SEO plugin. -->

Habitación Standard/Habitación Familiar Standard ~ Ville del Parco Arbatax ~

Totalmente rodeadas de verdor, las habitaciones Standard están amuebladas en estilo típico sardo y equipadas con aire acondicionado, TV, caja fuerte y minibar.  También están disponibles en versión familiar y pueden acomodar hasta 3 personas. Tamaño: 16 m²

Totalmente rodeadas de verdor, las habitaciones Standard están amuebladas en estilo típico sardo y equipadas con aire acondicionado, TV, caja fuerte y minibar. También están disponibles en versión familiar y pueden acomodar hasta 3 personas. Tamaño: 16 m²
