{"id":360,"date":"2023-03-08T13:52:29","date_gmt":"2023-03-08T13:52:29","guid":{"rendered":"https:\/\/villedelparco-landing-page.ms.decms.eu\/?page_id=360"},"modified":"2024-12-18T15:07:36","modified_gmt":"2024-12-18T15:07:36","slug":"chambres-communicantes","status":"publish","type":"page","link":"https:\/\/www.villedelparco.com\/fr\/chambres-communicantes\/","title":{"rendered":"Chambres communicantes"},"content":{"rendered":"<p>Elles sont compos\u00e9es de\u00a0<strong>2 chambres, chacune avec sa propre salle de bain et son entr\u00e9e ind\u00e9pendante<\/strong>, mais rendues communicantes par une porte int\u00e9rieure. Elles sont \u00e9quip\u00e9es de l\u2019air conditionn\u00e9, d\u2019une t\u00e9l\u00e9vision, d\u2019un coffre-fort, d\u2019un t\u00e9l\u00e9phone, d\u2019un minibar avec remplissage payant et d\u2019un s\u00e8che-cheveux.<\/p>\n<p>Particuli\u00e8rement adapt\u00e9s aux familles, elles peuvent\u00a0<em>accueillir jusqu\u2019\u00e0 5 personnes. Superficie: 36 m\u00b2<\/em><\/p>\n","protected":false},"excerpt":{"rendered":"<p>Elles sont compos\u00e9es de\u00a02 chambres, chacune avec sa propre salle de bain et son entr\u00e9e ind\u00e9pendante, mais rendues communicantes par une porte int\u00e9rieure. Elles sont \u00e9quip\u00e9es de l\u2019air conditionn\u00e9, d\u2019une t\u00e9l\u00e9vision, d\u2019un coffre-fort, d\u2019un t\u00e9l\u00e9phone, d\u2019un minibar avec remplissage payant et d\u2019un s\u00e8che-cheveux. Particuli\u00e8rement adapt\u00e9s aux familles, elles peuvent\u00a0accueillir jusqu\u2019\u00e0 5 personnes. Superficie: 36 m\u00b2<\/p>\n","protected":false},"author":7,"featured_media":0,"parent":0,"menu_order":4,"comment_status":"closed","ping_status":"closed","template":"template-single-room.php","meta":{"footnotes":""},"class_list":["post-360","page","type-page","status-publish","hentry"],"yoast_head":"<!-- This site is optimized with the Yoast SEO plugin v26.9 - https:\/\/yoast.com\/product\/yoast-seo-wordpress\/ -->\n<title>Chambres communicantes ~ Ville del Parco Arbatax ~<\/title>\n<meta name=\"description\" content=\"Elles sont compos\u00e9es de\u00a02 chambres, chacune avec sa propre salle de bain et son entr\u00e9e ind\u00e9pendante, mais rendues communicantes par une porte int\u00e9rieure. Elles sont \u00e9quip\u00e9es de l\u2019air conditionn\u00e9, d\u2019une t\u00e9l\u00e9vision, d\u2019un coffre-fort, d\u2019un t\u00e9l\u00e9phone, d\u2019un minibar avec remplissage payant et d\u2019un s\u00e8che-cheveux.  Particuli\u00e8rement adapt\u00e9s aux familles, elles peuvent\u00a0accueillir jusqu\u2019\u00e0 5 personnes\" \/>\n<meta name=\"robots\" content=\"index, follow, max-snippet:-1, max-image-preview:large, max-video-preview:-1\" \/>\n<link rel=\"canonical\" href=\"https:\/\/www.villedelparco.com\/fr\/chambres-communicantes\/\" \/>\n<meta property=\"og:locale\" content=\"fr_FR\" \/>\n<meta property=\"og:type\" content=\"article\" \/>\n<meta property=\"og:title\" content=\"Chambres communicantes ~ Ville del Parco Arbatax ~\" \/>\n<meta property=\"og:description\" content=\"Elles sont compos\u00e9es de\u00a02 chambres, chacune avec sa propre salle de bain et son entr\u00e9e ind\u00e9pendante, mais rendues communicantes par une porte int\u00e9rieure. Elles sont \u00e9quip\u00e9es de l\u2019air conditionn\u00e9, d\u2019une t\u00e9l\u00e9vision, d\u2019un coffre-fort, d\u2019un t\u00e9l\u00e9phone, d\u2019un minibar avec remplissage payant et d\u2019un s\u00e8che-cheveux.  Particuli\u00e8rement adapt\u00e9s aux familles, elles peuvent\u00a0accueillir jusqu\u2019\u00e0 5 personnes\" \/>\n<meta property=\"og:url\" content=\"https:\/\/www.villedelparco.com\/fr\/chambres-communicantes\/\" \/>\n<meta property=\"og:site_name\" content=\"Ville del Parco Arbatax\" \/>\n<meta property=\"article:modified_time\" content=\"2024-12-18T15:07:36+00:00\" \/>\n<meta name=\"twitter:card\" content=\"summary_large_image\" \/>\n<meta name=\"twitter:label1\" content=\"Dur\u00e9e de lecture estim\u00e9e\" \/>\n\t<meta name=\"twitter:data1\" content=\"1 minute\" \/>\n<script type=\"application\/ld+json\" class=\"yoast-schema-graph\">{\"@context\":\"https:\/\/schema.org\",\"@graph\":[{\"@type\":\"WebPage\",\"@id\":\"https:\/\/www.villedelparco.com\/fr\/chambres-communicantes\/\",\"url\":\"https:\/\/www.villedelparco.com\/fr\/chambres-communicantes\/\",\"name\":\"Chambres communicantes ~ Ville del Parco Arbatax ~\",\"isPartOf\":{\"@id\":\"https:\/\/www.villedelparco.com\/fr\/#website\"},\"datePublished\":\"2023-03-08T13:52:29+00:00\",\"dateModified\":\"2024-12-18T15:07:36+00:00\",\"description\":\"Elles sont compos\u00e9es de\u00a02 chambres, chacune avec sa propre salle de bain et son entr\u00e9e ind\u00e9pendante, mais rendues communicantes par une porte int\u00e9rieure. Elles sont \u00e9quip\u00e9es de l\u2019air conditionn\u00e9, d\u2019une t\u00e9l\u00e9vision, d\u2019un coffre-fort, d\u2019un t\u00e9l\u00e9phone, d\u2019un minibar avec remplissage payant et d\u2019un s\u00e8che-cheveux. Particuli\u00e8rement adapt\u00e9s aux familles, elles peuvent\u00a0accueillir jusqu\u2019\u00e0 5 personnes\",\"breadcrumb\":{\"@id\":\"https:\/\/www.villedelparco.com\/fr\/chambres-communicantes\/#breadcrumb\"},\"inLanguage\":\"fr-FR\",\"potentialAction\":[{\"@type\":\"ReadAction\",\"target\":[\"https:\/\/www.villedelparco.com\/fr\/chambres-communicantes\/\"]}]},{\"@type\":\"BreadcrumbList\",\"@id\":\"https:\/\/www.villedelparco.com\/fr\/chambres-communicantes\/#breadcrumb\",\"itemListElement\":[{\"@type\":\"ListItem\",\"position\":1,\"name\":\"Home\",\"item\":\"https:\/\/www.villedelparco.com\/fr\/\"},{\"@type\":\"ListItem\",\"position\":2,\"name\":\"Chambres communicantes\"}]},{\"@type\":\"WebSite\",\"@id\":\"https:\/\/www.villedelparco.com\/fr\/#website\",\"url\":\"https:\/\/www.villedelparco.com\/fr\/\",\"name\":\"Ville del Parco Arbatax\",\"description\":\"\",\"potentialAction\":[{\"@type\":\"SearchAction\",\"target\":{\"@type\":\"EntryPoint\",\"urlTemplate\":\"https:\/\/www.villedelparco.com\/fr\/?s={search_term_string}\"},\"query-input\":{\"@type\":\"PropertyValueSpecification\",\"valueRequired\":true,\"valueName\":\"search_term_string\"}}],\"inLanguage\":\"fr-FR\"}]}<\/script>\n<!-- \/ Yoast SEO plugin. -->","yoast_head_json":{"title":"Chambres communicantes ~ Ville del Parco Arbatax ~","description":"Elles sont compos\u00e9es de\u00a02 chambres, chacune avec sa propre salle de bain et son entr\u00e9e ind\u00e9pendante, mais rendues communicantes par une porte int\u00e9rieure. Elles sont \u00e9quip\u00e9es de l\u2019air conditionn\u00e9, d\u2019une t\u00e9l\u00e9vision, d\u2019un coffre-fort, d\u2019un t\u00e9l\u00e9phone, d\u2019un minibar avec remplissage payant et d\u2019un s\u00e8che-cheveux.  Particuli\u00e8rement adapt\u00e9s aux familles, elles peuvent\u00a0accueillir jusqu\u2019\u00e0 5 personnes","robots":{"index":"index","follow":"follow","max-snippet":"max-snippet:-1","max-image-preview":"max-image-preview:large","max-video-preview":"max-video-preview:-1"},"canonical":"https:\/\/www.villedelparco.com\/fr\/chambres-communicantes\/","og_locale":"fr_FR","og_type":"article","og_title":"Chambres communicantes ~ Ville del Parco Arbatax ~","og_description":"Elles sont compos\u00e9es de\u00a02 chambres, chacune avec sa propre salle de bain et son entr\u00e9e ind\u00e9pendante, mais rendues communicantes par une porte int\u00e9rieure. Elles sont \u00e9quip\u00e9es de l\u2019air conditionn\u00e9, d\u2019une t\u00e9l\u00e9vision, d\u2019un coffre-fort, d\u2019un t\u00e9l\u00e9phone, d\u2019un minibar avec remplissage payant et d\u2019un s\u00e8che-cheveux.  Particuli\u00e8rement adapt\u00e9s aux familles, elles peuvent\u00a0accueillir jusqu\u2019\u00e0 5 personnes","og_url":"https:\/\/www.villedelparco.com\/fr\/chambres-communicantes\/","og_site_name":"Ville del Parco Arbatax","article_modified_time":"2024-12-18T15:07:36+00:00","twitter_card":"summary_large_image","twitter_misc":{"Dur\u00e9e de lecture estim\u00e9e":"1 minute"},"schema":{"@context":"https:\/\/schema.org","@graph":[{"@type":"WebPage","@id":"https:\/\/www.villedelparco.com\/fr\/chambres-communicantes\/","url":"https:\/\/www.villedelparco.com\/fr\/chambres-communicantes\/","name":"Chambres communicantes ~ Ville del Parco Arbatax ~","isPartOf":{"@id":"https:\/\/www.villedelparco.com\/fr\/#website"},"datePublished":"2023-03-08T13:52:29+00:00","dateModified":"2024-12-18T15:07:36+00:00","description":"Elles sont compos\u00e9es de\u00a02 chambres, chacune avec sa propre salle de bain et son entr\u00e9e ind\u00e9pendante, mais rendues communicantes par une porte int\u00e9rieure. Elles sont \u00e9quip\u00e9es de l\u2019air conditionn\u00e9, d\u2019une t\u00e9l\u00e9vision, d\u2019un coffre-fort, d\u2019un t\u00e9l\u00e9phone, d\u2019un minibar avec remplissage payant et d\u2019un s\u00e8che-cheveux. Particuli\u00e8rement adapt\u00e9s aux familles, elles peuvent\u00a0accueillir jusqu\u2019\u00e0 5 personnes","breadcrumb":{"@id":"https:\/\/www.villedelparco.com\/fr\/chambres-communicantes\/#breadcrumb"},"inLanguage":"fr-FR","potentialAction":[{"@type":"ReadAction","target":["https:\/\/www.villedelparco.com\/fr\/chambres-communicantes\/"]}]},{"@type":"BreadcrumbList","@id":"https:\/\/www.villedelparco.com\/fr\/chambres-communicantes\/#breadcrumb","itemListElement":[{"@type":"ListItem","position":1,"name":"Home","item":"https:\/\/www.villedelparco.com\/fr\/"},{"@type":"ListItem","position":2,"name":"Chambres communicantes"}]},{"@type":"WebSite","@id":"https:\/\/www.villedelparco.com\/fr\/#website","url":"https:\/\/www.villedelparco.com\/fr\/","name":"Ville del Parco Arbatax","description":"","potentialAction":[{"@type":"SearchAction","target":{"@type":"EntryPoint","urlTemplate":"https:\/\/www.villedelparco.com\/fr\/?s={search_term_string}"},"query-input":{"@type":"PropertyValueSpecification","valueRequired":true,"valueName":"search_term_string"}}],"inLanguage":"fr-FR"}]}},"acf":[],"_links":{"self":[{"href":"https:\/\/www.villedelparco.com\/fr\/wp-json\/wp\/v2\/pages\/360","targetHints":{"allow":["GET"]}}],"collection":[{"href":"https:\/\/www.villedelparco.com\/fr\/wp-json\/wp\/v2\/pages"}],"about":[{"href":"https:\/\/www.villedelparco.com\/fr\/wp-json\/wp\/v2\/types\/page"}],"author":[{"embeddable":true,"href":"https:\/\/www.villedelparco.com\/fr\/wp-json\/wp\/v2\/users\/7"}],"replies":[{"embeddable":true,"href":"https:\/\/www.villedelparco.com\/fr\/wp-json\/wp\/v2\/comments?post=360"}],"version-history":[{"count":0,"href":"https:\/\/www.villedelparco.com\/fr\/wp-json\/wp\/v2\/pages\/360\/revisions"}],"wp:attachment":[{"href":"https:\/\/www.villedelparco.com\/fr\/wp-json\/wp\/v2\/media?parent=360"}],"curies":[{"name":"wp","href":"https:\/\/api.w.org\/{rel}","templated":true}]}}

<p>Elles sont composées de <strong>2 chambres, chacune avec sa propre salle de bain et son entrée indépendante</strong>, mais rendues communicantes par une porte intérieure. Elles sont équipées de l’air conditionné, d’une télévision, d’un coffre-fort, d’un téléphone, d’un minibar avec remplissage payant et d’un sèche-cheveux.</p>
<p>Particulièrement adaptés aux familles, elles peuvent <em>accueillir jusqu’à 5 personnes. Superficie: 36 m²</em></p>

<p>Elles sont composées de 2 chambres, chacune avec sa propre salle de bain et son entrée indépendante, mais rendues communicantes par une porte intérieure. Elles sont équipées de l’air conditionné, d’une télévision, d’un coffre-fort, d’un téléphone, d’un minibar avec remplissage payant et d’un sèche-cheveux. Particulièrement adaptés aux familles, elles peuvent accueillir jusqu’à 5 personnes. Superficie: 36 m²</p>

<!-- This site is optimized with the Yoast SEO plugin v26.9 - https://yoast.com/product/yoast-seo-wordpress/ -->
<title>Chambres communicantes ~ Ville del Parco Arbatax ~</title>
<meta name="description" content="Elles sont composées de 2 chambres, chacune avec sa propre salle de bain et son entrée indépendante, mais rendues communicantes par une porte intérieure. Elles sont équipées de l’air conditionné, d’une télévision, d’un coffre-fort, d’un téléphone, d’un minibar avec remplissage payant et d’un sèche-cheveux.  Particulièrement adaptés aux familles, elles peuvent accueillir jusqu’à 5 personnes" />
<meta name="robots" content="index, follow, max-snippet:-1, max-image-preview:large, max-video-preview:-1" />
<link rel="canonical" href="https://www.villedelparco.com/fr/chambres-communicantes/" />
<meta property="og:locale" content="fr_FR" />
<meta property="og:type" content="article" />
<meta property="og:title" content="Chambres communicantes ~ Ville del Parco Arbatax ~" />
<meta property="og:description" content="Elles sont composées de 2 chambres, chacune avec sa propre salle de bain et son entrée indépendante, mais rendues communicantes par une porte intérieure. Elles sont équipées de l’air conditionné, d’une télévision, d’un coffre-fort, d’un téléphone, d’un minibar avec remplissage payant et d’un sèche-cheveux.  Particulièrement adaptés aux familles, elles peuvent accueillir jusqu’à 5 personnes" />
<meta property="og:url" content="https://www.villedelparco.com/fr/chambres-communicantes/" />
<meta property="og:site_name" content="Ville del Parco Arbatax" />
<meta property="article:modified_time" content="2024-12-18T15:07:36+00:00" />
<meta name="twitter:card" content="summary_large_image" />
<meta name="twitter:label1" content="Durée de lecture estimée" />
	<meta name="twitter:data1" content="1 minute" />
<script type="application/ld+json" class="yoast-schema-graph">{"@context":"https://schema.org","@graph":[{"@type":"WebPage","@id":"https://www.villedelparco.com/fr/chambres-communicantes/","url":"https://www.villedelparco.com/fr/chambres-communicantes/","name":"Chambres communicantes ~ Ville del Parco Arbatax ~","isPartOf":{"@id":"https://www.villedelparco.com/fr/#website"},"datePublished":"2023-03-08T13:52:29+00:00","dateModified":"2024-12-18T15:07:36+00:00","description":"Elles sont composées de 2 chambres, chacune avec sa propre salle de bain et son entrée indépendante, mais rendues communicantes par une porte intérieure. Elles sont équipées de l’air conditionné, d’une télévision, d’un coffre-fort, d’un téléphone, d’un minibar avec remplissage payant et d’un sèche-cheveux. Particulièrement adaptés aux familles, elles peuvent accueillir jusqu’à 5 personnes","breadcrumb":{"@id":"https://www.villedelparco.com/fr/chambres-communicantes/#breadcrumb"},"inLanguage":"fr-FR","potentialAction":[{"@type":"ReadAction","target":["https://www.villedelparco.com/fr/chambres-communicantes/"]}]},{"@type":"BreadcrumbList","@id":"https://www.villedelparco.com/fr/chambres-communicantes/#breadcrumb","itemListElement":[{"@type":"ListItem","position":1,"name":"Home","item":"https://www.villedelparco.com/fr/"},{"@type":"ListItem","position":2,"name":"Chambres communicantes"}]},{"@type":"WebSite","@id":"https://www.villedelparco.com/fr/#website","url":"https://www.villedelparco.com/fr/","name":"Ville del Parco Arbatax","description":"","potentialAction":[{"@type":"SearchAction","target":{"@type":"EntryPoint","urlTemplate":"https://www.villedelparco.com/fr/?s={search_term_string}"},"query-input":{"@type":"PropertyValueSpecification","valueRequired":true,"valueName":"search_term_string"}}],"inLanguage":"fr-FR"}]}</script>
<!-- / Yoast SEO plugin. -->

Elles sont composées de 2 chambres, chacune avec sa propre salle de bain et son entrée indépendante, mais rendues communicantes par une porte intérieure. Elles sont équipées de l’air conditionné, d’une télévision, d’un coffre-fort, d’un téléphone, d’un minibar avec remplissage payant et d’un sèche-cheveux.  Particulièrement adaptés aux familles, elles peuvent accueillir jusqu’à 5 personnes

Elles sont composées de 2 chambres, chacune avec sa propre salle de bain et son entrée indépendante, mais rendues communicantes par une porte intérieure. Elles sont équipées de l’air conditionné, d’une télévision, d’un coffre-fort, d’un téléphone, d’un minibar avec remplissage payant et d’un sèche-cheveux. Particulièrement adaptés aux familles, elles peuvent accueillir jusqu’à 5 personnes
